{"id":3011,"date":"2025-02-06T13:14:00","date_gmt":"2025-02-06T12:14:00","guid":{"rendered":"https:\/\/dkudela.cz\/reference\/felicityfood\/?page_id=3011"},"modified":"2025-04-03T14:19:42","modified_gmt":"2025-04-03T12:19:42","slug":"ochrana-osobnich-udaju","status":"publish","type":"page","link":"https:\/\/dkudela.cz\/reference\/felicityfood\/ochrana-osobnich-udaju\/","title":{"rendered":"Ochrana osobn\u00edch \u00fadaj\u016f"},"content":{"rendered":"\n<p>Ne\u017e kliknete na souhlas s cookies vpravo dole nebo ne\u017e ode\u0161lete formul\u00e1\u0159, seznamte se pros\u00edm s obsahem t\u00e9to str\u00e1nky.<\/p>\n\n\n\n<h2 class=\"wp-block-heading\">Jak\u00e9 shroma\u017e\u010fujeme osobn\u00ed \u00fadaje a pro\u010d je shroma\u017e\u010fujeme<\/h2>\n\n\n\n<p>Na webu felicityfood.cz prob\u00edh\u00e1 sb\u011br osobn\u00edch \u00fadaj\u016f jak p\u0159\u00edmo od subjektu (vypln\u011bn\u00edm formul\u00e1\u0159e), tak automaticky. V\u0161em p\u0159\u00edpad\u016fm se nyn\u00ed budeme v\u011bnovat podrobn\u011b. Dozv\u00edte se o&nbsp;pr\u00e1vn\u00edch d\u016fvodech zpracov\u00e1n\u00ed, \u00fa\u010delu zpracov\u00e1n\u00ed i&nbsp;o&nbsp;mo\u017enostech, jak\u00fdmi dos\u00e1hnete&nbsp;na sv\u00e1 pr\u00e1va.<\/p>\n\n\n\n<h3 class=\"wp-block-heading\">Kontaktn\u00ed formul\u00e1\u0159e<\/h3>\n\n\n\n<p>Na v\u00edce m\u00edstech webu felicityfood.cz je kontaktn\u00ed formul\u00e1\u0159 slou\u017e\u00edc\u00ed osob\u00e1m, kter\u00e9 maj\u00ed z\u00e1jem o na\u0161e slu\u017eby. Povinn\u00e1 pole pro odesl\u00e1n\u00ed kontaktn\u00edho formul\u00e1\u0159e jsou jen dv\u011b:&nbsp;<strong>e-mailov\u00e1 adresa<\/strong>&nbsp;a<strong>&nbsp;jm\u00e9no a p\u0159\u00edjmen\u00ed<\/strong>. V p\u0159\u00edpad\u011b popt\u00e1vkov\u00e9ho jsou povinn\u00e9 pole t\u0159i: <strong>e-mailov\u00e1 adresa<\/strong>, <strong>jm\u00e9no a p\u0159\u00edjmen\u00ed<\/strong> a <strong>telefon<\/strong>.<\/p>\n\n\n\n<ul class=\"wp-block-list\">\n<li><strong>Osobn\u00ed \u00fadaje:&nbsp;<\/strong>e-mailov\u00e1&nbsp;adresa, jm\u00e9no, telefon, zpr\u00e1va<\/li>\n\n\n\n<li><strong>Z\u00edsk\u00e1n\u00ed osobn\u00edho \u00fadaje:&nbsp;<\/strong>od subjektu<\/li>\n\n\n\n<li><strong>Z\u00e1konnost:&nbsp;<\/strong>souhlas subjektu<\/li>\n\n\n\n<li><strong>\u00da\u010del:&nbsp;<\/strong>kontaktn\u00ed informace, vyu\u017eiteln\u00e9 pro u\u017eivatelskou podporu, vzd\u011bl\u00e1v\u00e1n\u00ed a personalistiku nebo vznik smluvn\u00edho vztahu<\/li>\n\n\n\n<li><strong>Informace o zpracov\u00e1n\u00ed:&nbsp;<\/strong>Je-li fyzick\u00e1 osoba ve smluvn\u00edm vztahu s felicityfood.cz nebo zastupuje-li pr\u00e1vnickou osobu, kter\u00e1 je ve smluvn\u00edm vztahu s felicityfood.cz, nast\u00e1v\u00e1 z\u00e1konnost zpracov\u00e1n\u00ed podle \u010dl\u00e1nku 6 1.b . Tot\u00e9\u017e plat\u00ed, vznikne-li smluvn\u00ed vztah d\u00edky vyu\u017eit\u00ed tohoto kontaktn\u00edho formul\u00e1\u0159e. V jin\u00fdch p\u0159\u00edpadech jsou osobn\u00ed \u00fadaje zpracov\u00e1v\u00e1ny jako kontaktn\u00ed informace.<\/li>\n<\/ul>\n\n\n\n<h3 class=\"wp-block-heading\">Cookies<\/h3>\n\n\n\n<h4 class=\"wp-block-heading\">Co jsou soubory cookie?<\/h4>\n\n\n\n<p>Soubory cookie, pixely a dal\u0161\u00ed technologie sledov\u00e1n\u00ed (souhrnn\u011b \u201esoubory cookie\u201c) jsou textov\u00e9 \u0159et\u011bzce dat, kter\u00e9 webov\u00e9 str\u00e1nky p\u0159en\u00e1\u0161ej\u00ed do souboru cookie prohl\u00ed\u017ee\u010de um\u00edst\u011bn\u00e9ho na pevn\u00e9m disku po\u010d\u00edta\u010de a kter\u00e9 umo\u017e\u0148uj\u00ed webu rozpoznat, kdo jste. D\u00edky soubor\u016fm cookie lze obsah webu p\u0159izp\u016fsobit tak, aby rychleji spl\u0148oval va\u0161e hlavn\u00ed z\u00e1jmy. N\u011bkter\u00e9 soubory cookie n\u00e1m umo\u017e\u0148uj\u00ed znovu vytv\u00e1\u0159et a p\u0159ehr\u00e1vat u\u017eivatelsk\u00e9 relace na na\u0161ich str\u00e1nk\u00e1ch. T\u00e9m\u011b\u0159 v\u0161echny velk\u00e9 str\u00e1nky pou\u017e\u00edvaj\u00ed soubory cookie.<\/p>\n\n\n\n<h4 class=\"wp-block-heading\">Pro\u010d pou\u017e\u00edv\u00e1me soubory cookie?<\/h4>\n\n\n\n<p>Webov\u00e9 str\u00e1nky felicityfood.cz vyu\u017e\u00edvaj\u00ed soubory cookie ke shroma\u017e\u010fov\u00e1n\u00ed statistick\u00fdch informac\u00ed, m\u011b\u0159en\u00ed v\u00fdkonu webu, ulo\u017een\u00ed va\u0161ich preferenc\u00ed, p\u0159izp\u016fsoben\u00ed na\u0161eho reklamn\u00edho obsahu (v\u010detn\u011b profilov\u00e1n\u00ed) a za \u00fa\u010delem interakce se soci\u00e1ln\u00edmi s\u00edt\u011bmi. T\u0159et\u00ed strany mohou na str\u00e1nk\u00e1ch pou\u017e\u00edvat tak\u00e9 sv\u00e9 soubory cookie, aby snadn\u011bji dos\u00e1hly v\u00fd\u0161e uveden\u00fdch \u00fa\u010del\u016f nebo pro vlastn\u00ed \u00fa\u010dely, jak je uvedeno v tabulce. Mezi typy soubor\u016f cookie, kter\u00e9 pou\u017e\u00edv\u00e1me, pat\u0159\u00ed:<\/p>\n\n\n\n<h4 class=\"wp-block-heading\">Technick\u00e9 soubory cookie<\/h4>\n\n\n\n<p>Tyto soubory cookie jsou nezbytn\u00e9 pro fungov\u00e1n\u00ed a bezpe\u010dnost na\u0161ich str\u00e1nek a tak\u00e9 kv\u016fli dodr\u017eov\u00e1n\u00ed platn\u00fdch p\u0159edpis\u016f. Tyto soubory cookie nelze zak\u00e1zat.<\/p>\n\n\n\n<figure class=\"wp-block-table\"><table class=\"has-fixed-layout\"><thead><tr><th>Jm\u00e9no<\/th><th>Trv\u00e1n\u00ed<\/th><th>Popis<\/th><\/tr><\/thead><tbody><tr><td>COOKIE_VIEWED<\/td><td>1 rok<\/td><td>Informace o tom, zda u\u017eivatel li\u0161tu cookie potvrdil nebo skryl.<\/td><\/tr><tr><td>COOKIE_NECESSARY<\/td><td>10 let<\/td><td>Informace o tom, zda se ukl\u00e1daj\u00ed technick\u00e9 cookie<\/td><\/tr><tr><td>COOKIE_ANALYTICS<\/td><td>2 roky<\/td><td>Informace o tom, zda u\u017eivatel souhlasil s Analytick\u00fdmi cookie<\/td><\/tr><tr><td>COOKIE_OTHERS<\/td><td>2 roky<\/td><td>Informace o tom, zda u\u017eivatel souhlasil s Reklamn\u00edmi cookie<\/td><\/tr><tr><td>_GRECAPTCHA<\/td><td>6 m\u011bs\u00edc\u016f<\/td><td>Google reCAPTCHA nastavuje p\u0159i spu\u0161t\u011bn\u00ed nezbytn\u00fd soubor cookie (_GRECAPTCHA) za \u00fa\u010delem poskytov\u00e1n\u00ed anal\u00fdzy rizik.<\/td><\/tr><\/tbody><\/table><\/figure>\n\n\n\n<h4 class=\"wp-block-heading\">Analytick\u00e9 soubory cookie<\/h4>\n\n\n\n<p>Tyto jsou pou\u017e\u00edv\u00e1ny pro n\u00e1sleduj\u00edc\u00ed \u00fa\u010dely: vytv\u00e1\u0159en\u00ed agregovan\u00fdch statistik, kter\u00e9 n\u00e1m pom\u00e1haj\u00ed zlep\u0161ovat strukturu na\u0161ich webov\u00fdch str\u00e1nek; pom\u00e1haj\u00ed n\u00e1m l\u00e9pe porozum\u011bt interakc\u00ed lid\u00ed s vlastnostmi str\u00e1nek a aplikac\u00ed; a pom\u00e1haj\u00ed n\u00e1m zji\u0161\u0165ovat, kter\u00e9 produkty jsou nejd\u016fle\u017eit\u011bj\u0161\u00ed.<\/p>\n\n\n\n<figure class=\"wp-block-table\"><table class=\"has-fixed-layout\"><thead><tr><th>Jm\u00e9no<\/th><th>Trv\u00e1n\u00ed<\/th><th>Popis<\/th><\/tr><\/thead><tbody><tr><td>_ga<\/td><td>1 rok 1 m\u011bs\u00edc<\/td><td>Tento n\u00e1zev souboru cookie je spojen s Google Universal Analytics \u2013 co\u017e je v\u00fdznamn\u00e1 aktualizace b\u011b\u017en\u011bji pou\u017e\u00edvan\u00e9 analytick\u00e9 slu\u017eby Google. Tento soubor cookie se pou\u017e\u00edv\u00e1 k rozli\u0161en\u00ed jedine\u010dn\u00fdch u\u017eivatel\u016f p\u0159i\u0159azen\u00edm n\u00e1hodn\u011b vygenerovan\u00e9ho \u010d\u00edsla jako identifik\u00e1toru klienta. Je sou\u010d\u00e1st\u00ed ka\u017ed\u00e9 \u017e\u00e1dosti o str\u00e1nku na webu a pou\u017e\u00edv\u00e1 se k v\u00fdpo\u010dtu \u00fadaj\u016f o n\u00e1v\u0161t\u011bvn\u00edc\u00edch, relac\u00edch a kampan\u00edch pro analytick\u00e9 p\u0159ehledy str\u00e1nek.<\/td><\/tr><tr><td>_ga_ID<\/td><td>1 rok 1 m\u011bs\u00edc<\/td><td>Tento soubor cookie pou\u017e\u00edv\u00e1 Google Analytics k zachov\u00e1n\u00ed stavu relace.<\/td><\/tr><tr><td>sid<\/td><td>1 m\u011bs\u00edc<\/td><td>sid cookie obsahuje digit\u00e1ln\u011b podepsan\u00e9 a za\u0161ifrovan\u00e9 z\u00e1znamy ID \u00fa\u010dtu Google u\u017eivatele a posledn\u00ed \u010das p\u0159ihl\u00e1\u0161en\u00ed.<\/td><\/tr><tr><td>_pk_id<\/td><td>13 m\u011bs\u00edc\u016f<\/td><td>Slou\u017e\u00ed pro ulo\u017een\u00ed n\u011bkolika podrobnost\u00ed o u\u017eivateli, jako je jedine\u010dn\u00e9 ID n\u00e1v\u0161t\u011bvn\u00edka.<\/td><\/tr><tr><td>_pk_ref<\/td><td>6 m\u011bs\u00edc\u016f<\/td><td>Slou\u017e\u00ed k ulo\u017een\u00ed informac\u00ed o atribuci, kter\u00fd odkazuj\u00edc\u00ed server p\u016fvodn\u011b pou\u017eil k n\u00e1v\u0161t\u011bv\u011b webu.<\/td><\/tr><\/tbody><\/table><\/figure>\n\n\n\n<p><strong>Jak lze zak\u00e1zat a povolit soubory cookie.<\/strong><\/p>\n\n\n\n<p>Svoji p\u016fvodn\u00ed volbu m\u016f\u017eete resetovat&nbsp;kliknut\u00edm zde.<\/p>\n\n\n\n<p>Dal\u0161\u00ed informace naleznete na str\u00e1nce&nbsp;<a href=\"https:\/\/www.youronlinechoices.eu\/cz\/\" target=\"_blank\" rel=\"noreferrer noopener\">www.youronlinechoices.eu\/cz\/<\/a><\/p>\n\n\n\n<p>Nav\u00edc m\u00e1te mo\u017enost nastavit p\u0159ijet\u00ed nebo odm\u00edtnut\u00ed soubor\u016f cookie \u00fapravou nastaven\u00ed va\u0161eho webov\u00e9ho prohl\u00ed\u017ee\u010de. Nicm\u00e9n\u011b plat\u00ed, \u017ee pokud jsou n\u011bkter\u00e9 soubory cookie zak\u00e1z\u00e1ny, nebudete moci pou\u017e\u00edvat n\u011bkter\u00e9 z na\u0161ich interaktivn\u00edch funkc\u00ed. Pokud chcete b\u00fdt upozorn\u011bni p\u0159ed ulo\u017een\u00edm souboru cookie na v\u00e1\u0161 disk, n\u00e1vod je uveden n\u00ed\u017ee:<\/p>\n\n\n\n<ul class=\"wp-block-list\">\n<li><a href=\"https:\/\/support.microsoft.com\/en-gb\/topic\/how-to-delete-cookie-files-in-internet-explorer-bca9446f-d873-78de-77ba-d42645fa52fc\" target=\"_blank\" rel=\"noreferrer noopener\">Nastaven\u00ed soubor\u016f cookie v aplikaci Internet Explorer<\/a><\/li>\n\n\n\n<li><a href=\"https:\/\/support.mozilla.org\/en-US\/products\/firefox\/protect-your-privacy\/cookies\" target=\"_blank\" rel=\"noreferrer noopener\">Nastaven\u00ed soubor\u016f cookie v prohl\u00ed\u017ee\u010di Firefox<\/a><\/li>\n\n\n\n<li><a href=\"https:\/\/support.google.com\/chrome\/answer\/95647?hl=en&amp;co=GENIE.Platform%3DDesktop\" target=\"_blank\" rel=\"noreferrer noopener\">Nastaven\u00ed soubor\u016f cookie v prohl\u00ed\u017ee\u010di Google Chrome<\/a><\/li>\n\n\n\n<li><a href=\"https:\/\/support.apple.com\/en-gb\/guide\/safari\/sfri11471\/mac\" target=\"_blank\" rel=\"noreferrer noopener\">Nastaven\u00ed soubor\u016f cookie v prohl\u00ed\u017ee\u010di Safari a syst\u00e9mu iOS.<\/a><\/li>\n<\/ul>\n\n\n\n<h3 class=\"wp-block-heading\">\u00dadaje pro reklamn\u00ed syst\u00e9my<\/h3>\n\n\n\n<p>Nepou\u017e\u00edv\u00e1me \u017e\u00e1dn\u00fd zp\u016fsob agregace dat ur\u010den\u00fd pro reklamn\u00ed syst\u00e9my, ani pro vlastn\u00ed \u00fa\u010dely, ani pro \u00fa\u010dely t\u0159et\u00edch stran.<\/p>\n\n\n\n<h3 class=\"wp-block-heading\">Jak dlouho uchov\u00e1v\u00e1me va\u0161e \u00fadaje<\/h3>\n\n\n\n<p>Pokud ode\u0161lete kontaktn\u00ed formul\u00e1\u0159, jsou ve\u0161ker\u00e9 Va\u0161e \u00fadaje ukl\u00e1d\u00e1ny na dobu neur\u010ditou, maxim\u00e1ln\u011b v\u0161ak 365 dn\u00ed. \u00dadaje jsou uchov\u00e1v\u00e1ny za \u00fa\u010delem zp\u011btn\u00e9ho osloven\u00ed, pop\u0159\u00edpad\u011b pro dohled\u00e1n\u00ed n\u00e1le\u017eit\u00fdch informac\u00ed p\u0159i pozd\u011bj\u0161\u00ed komunikaci.<\/p>\n\n\n\n<h3 class=\"wp-block-heading\">Jak\u00e9 m\u00e1te pr\u00e1va?<\/h3>\n\n\n\n<p>Pokud jste vyplnili kontaktn\u00ed formul\u00e1\u0159, m\u016f\u017eete po\u017e\u00e1dat o obdr\u017een\u00ed souboru s exportem osobn\u00edch \u00fadaj\u016f, kter\u00e9 o v\u00e1s uchov\u00e1v\u00e1me, v\u010detn\u011b v\u0161ech \u00fadaj\u016f, kter\u00e9 jste n\u00e1m poskytli. M\u016f\u017eete tak\u00e9 po\u017e\u00e1dat o odstran\u011bn\u00ed ve\u0161ker\u00fdch osobn\u00edch \u00fadaj\u016f, kter\u00e9 o v\u00e1s uchov\u00e1v\u00e1me. Tato mo\u017enost nezahrnuje \u00fadaje, kter\u00e9 jsme povinni uchov\u00e1vat z administrativn\u00edch, pr\u00e1vn\u00edch nebo bezpe\u010dnostn\u00edch d\u016fvod\u016f.<\/p>\n\n\n\n<h3 class=\"wp-block-heading\">Pov\u011b\u0159en\u00e1 osoba pro ochranu osobn\u00edch \u00fadaj\u016f<\/h3>\n\n\n\n<p><strong>Nem\u00e1me povinnost&nbsp;<\/strong>z\u0159\u00eddit funkci pov\u011b\u0159ence pro ochranu osobn\u00edch \u00fadaj\u016f (ve smyslu \u010dl\u00e1nku&nbsp;\u010d. 37 Na\u0159\u00edzen\u00ed\u2026).&nbsp;Za ve\u0161ker\u00e9 z\u00e1le\u017eitosti t\u00fdkaj\u00edc\u00ed se ochrany osobn\u00edch \u00fadaj\u016f odpov\u00edd\u00e1 jednatel firmy&nbsp;TODO&nbsp;(Tel.: TODO,&nbsp;e-mail: TODO)<\/p>\n","protected":false},"excerpt":{"rendered":"<p>Ne\u017e kliknete na souhlas s cookies vpravo dole nebo ne\u017e ode\u0161lete formul\u00e1\u0159, seznamte se pros\u00edm s obsahem t\u00e9to str\u00e1nky. Jak\u00e9 shroma\u017e\u010fujeme osobn\u00ed \u00fadaje a pro\u010d je shroma\u017e\u010fujeme Na webu felicityfood.cz prob\u00edh\u00e1 sb\u011br osobn\u00edch \u00fadaj\u016f jak p\u0159\u00edmo od subjektu (vypln\u011bn\u00edm formul\u00e1\u0159e), tak automaticky. V\u0161em p\u0159\u00edpad\u016fm se nyn\u00ed budeme v\u011bnovat podrobn\u011b. Dozv\u00edte se o&nbsp;pr\u00e1vn\u00edch d\u016fvodech zpracov\u00e1n\u00ed, \u00fa\u010delu [&hellip;]<\/p>\n","protected":false},"author":1,"featured_media":0,"parent":0,"menu_order":0,"comment_status":"closed","ping_status":"closed","template":"","meta":{"_acf_changed":false,"inline_featured_image":false,"footnotes":""},"class_list":["post-3011","page","type-page","status-publish","hentry"],"acf":[],"yoast_head":"<!-- This site is optimized with the Yoast SEO plugin v25.9 - https:\/\/yoast.com\/wordpress\/plugins\/seo\/ -->\n<title>Ochrana osobn\u00edch \u00fadaj\u016f - Felicity Food<\/title>\n<meta name=\"robots\" content=\"index, follow, max-snippet:-1, max-image-preview:large, max-video-preview:-1\" \/>\n<link rel=\"canonical\" href=\"https:\/\/dkudela.cz\/reference\/felicityfood\/ochrana-osobnich-udaju\/\" \/>\n<meta property=\"og:locale\" content=\"cs_CZ\" \/>\n<meta property=\"og:type\" content=\"article\" \/>\n<meta property=\"og:title\" content=\"Ochrana osobn\u00edch \u00fadaj\u016f - Felicity Food\" \/>\n<meta property=\"og:description\" content=\"Ne\u017e kliknete na souhlas s cookies vpravo dole nebo ne\u017e ode\u0161lete formul\u00e1\u0159, seznamte se pros\u00edm s obsahem t\u00e9to str\u00e1nky. Jak\u00e9 shroma\u017e\u010fujeme osobn\u00ed \u00fadaje a pro\u010d je shroma\u017e\u010fujeme Na webu felicityfood.cz prob\u00edh\u00e1 sb\u011br osobn\u00edch \u00fadaj\u016f jak p\u0159\u00edmo od subjektu (vypln\u011bn\u00edm formul\u00e1\u0159e), tak automaticky. V\u0161em p\u0159\u00edpad\u016fm se nyn\u00ed budeme v\u011bnovat podrobn\u011b. Dozv\u00edte se o&nbsp;pr\u00e1vn\u00edch d\u016fvodech zpracov\u00e1n\u00ed, \u00fa\u010delu [&hellip;]\" \/>\n<meta property=\"og:url\" content=\"https:\/\/dkudela.cz\/reference\/felicityfood\/ochrana-osobnich-udaju\/\" \/>\n<meta property=\"og:site_name\" content=\"Felicity Food\" \/>\n<meta property=\"article:modified_time\" content=\"2025-04-03T12:19:42+00:00\" \/>\n<meta name=\"twitter:card\" content=\"summary_large_image\" \/>\n<meta name=\"twitter:label1\" content=\"Odhadovan\u00e1 doba \u010dten\u00ed\" \/>\n\t<meta name=\"twitter:data1\" content=\"6 minut\" \/>\n<script type=\"application\/ld+json\" class=\"yoast-schema-graph\">{\"@context\":\"https:\/\/schema.org\",\"@graph\":[{\"@type\":\"WebPage\",\"@id\":\"https:\/\/dkudela.cz\/reference\/felicityfood\/ochrana-osobnich-udaju\/\",\"url\":\"https:\/\/dkudela.cz\/reference\/felicityfood\/ochrana-osobnich-udaju\/\",\"name\":\"Ochrana osobn\u00edch \u00fadaj\u016f - Felicity Food\",\"isPartOf\":{\"@id\":\"https:\/\/dkudela.cz\/reference\/felicityfood\/#website\"},\"datePublished\":\"2025-02-06T12:14:00+00:00\",\"dateModified\":\"2025-04-03T12:19:42+00:00\",\"breadcrumb\":{\"@id\":\"https:\/\/dkudela.cz\/reference\/felicityfood\/ochrana-osobnich-udaju\/#breadcrumb\"},\"inLanguage\":\"cs\",\"potentialAction\":[{\"@type\":\"ReadAction\",\"target\":[\"https:\/\/dkudela.cz\/reference\/felicityfood\/ochrana-osobnich-udaju\/\"]}]},{\"@type\":\"BreadcrumbList\",\"@id\":\"https:\/\/dkudela.cz\/reference\/felicityfood\/ochrana-osobnich-udaju\/#breadcrumb\",\"itemListElement\":[{\"@type\":\"ListItem\",\"position\":1,\"name\":\"Dom\u016f\",\"item\":\"https:\/\/dkudela.cz\/reference\/felicityfood\/\"},{\"@type\":\"ListItem\",\"position\":2,\"name\":\"Ochrana osobn\u00edch \u00fadaj\u016f\"}]},{\"@type\":\"WebSite\",\"@id\":\"https:\/\/dkudela.cz\/reference\/felicityfood\/#website\",\"url\":\"https:\/\/dkudela.cz\/reference\/felicityfood\/\",\"name\":\"Felicity Food\",\"description\":\"Homemade dorty, z\u00e1kusky a zmrzliny\",\"publisher\":{\"@id\":\"https:\/\/dkudela.cz\/reference\/felicityfood\/#organization\"},\"potentialAction\":[{\"@type\":\"SearchAction\",\"target\":{\"@type\":\"EntryPoint\",\"urlTemplate\":\"https:\/\/dkudela.cz\/reference\/felicityfood\/?s={search_term_string}\"},\"query-input\":{\"@type\":\"PropertyValueSpecification\",\"valueRequired\":true,\"valueName\":\"search_term_string\"}}],\"inLanguage\":\"cs\"},{\"@type\":\"Organization\",\"@id\":\"https:\/\/dkudela.cz\/reference\/felicityfood\/#organization\",\"name\":\"Felicity Food\",\"url\":\"https:\/\/dkudela.cz\/reference\/felicityfood\/\",\"logo\":{\"@type\":\"ImageObject\",\"inLanguage\":\"cs\",\"@id\":\"https:\/\/dkudela.cz\/reference\/felicityfood\/#\/schema\/logo\/image\/\",\"url\":\"https:\/\/dkudela.cz\/reference\/felicityfood\/wp-content\/uploads\/2024\/11\/Logo_simple_gold.png\",\"contentUrl\":\"https:\/\/dkudela.cz\/reference\/felicityfood\/wp-content\/uploads\/2024\/11\/Logo_simple_gold.png\",\"width\":638,\"height\":384,\"caption\":\"Felicity Food\"},\"image\":{\"@id\":\"https:\/\/dkudela.cz\/reference\/felicityfood\/#\/schema\/logo\/image\/\"},\"sameAs\":[\"https:\/\/www.instagram.com\/felicity_food\/\"]}]}<\/script>\n<!-- \/ Yoast SEO plugin. -->","yoast_head_json":{"title":"Ochrana osobn\u00edch \u00fadaj\u016f - Felicity Food","robots":{"index":"index","follow":"follow","max-snippet":"max-snippet:-1","max-image-preview":"max-image-preview:large","max-video-preview":"max-video-preview:-1"},"canonical":"https:\/\/dkudela.cz\/reference\/felicityfood\/ochrana-osobnich-udaju\/","og_locale":"cs_CZ","og_type":"article","og_title":"Ochrana osobn\u00edch \u00fadaj\u016f - Felicity Food","og_description":"Ne\u017e kliknete na souhlas s cookies vpravo dole nebo ne\u017e ode\u0161lete formul\u00e1\u0159, seznamte se pros\u00edm s obsahem t\u00e9to str\u00e1nky. Jak\u00e9 shroma\u017e\u010fujeme osobn\u00ed \u00fadaje a pro\u010d je shroma\u017e\u010fujeme Na webu felicityfood.cz prob\u00edh\u00e1 sb\u011br osobn\u00edch \u00fadaj\u016f jak p\u0159\u00edmo od subjektu (vypln\u011bn\u00edm formul\u00e1\u0159e), tak automaticky. V\u0161em p\u0159\u00edpad\u016fm se nyn\u00ed budeme v\u011bnovat podrobn\u011b. Dozv\u00edte se o&nbsp;pr\u00e1vn\u00edch d\u016fvodech zpracov\u00e1n\u00ed, \u00fa\u010delu [&hellip;]","og_url":"https:\/\/dkudela.cz\/reference\/felicityfood\/ochrana-osobnich-udaju\/","og_site_name":"Felicity Food","article_modified_time":"2025-04-03T12:19:42+00:00","twitter_card":"summary_large_image","twitter_misc":{"Odhadovan\u00e1 doba \u010dten\u00ed":"6 minut"},"schema":{"@context":"https:\/\/schema.org","@graph":[{"@type":"WebPage","@id":"https:\/\/dkudela.cz\/reference\/felicityfood\/ochrana-osobnich-udaju\/","url":"https:\/\/dkudela.cz\/reference\/felicityfood\/ochrana-osobnich-udaju\/","name":"Ochrana osobn\u00edch \u00fadaj\u016f - Felicity Food","isPartOf":{"@id":"https:\/\/dkudela.cz\/reference\/felicityfood\/#website"},"datePublished":"2025-02-06T12:14:00+00:00","dateModified":"2025-04-03T12:19:42+00:00","breadcrumb":{"@id":"https:\/\/dkudela.cz\/reference\/felicityfood\/ochrana-osobnich-udaju\/#breadcrumb"},"inLanguage":"cs","potentialAction":[{"@type":"ReadAction","target":["https:\/\/dkudela.cz\/reference\/felicityfood\/ochrana-osobnich-udaju\/"]}]},{"@type":"BreadcrumbList","@id":"https:\/\/dkudela.cz\/reference\/felicityfood\/ochrana-osobnich-udaju\/#breadcrumb","itemListElement":[{"@type":"ListItem","position":1,"name":"Dom\u016f","item":"https:\/\/dkudela.cz\/reference\/felicityfood\/"},{"@type":"ListItem","position":2,"name":"Ochrana osobn\u00edch \u00fadaj\u016f"}]},{"@type":"WebSite","@id":"https:\/\/dkudela.cz\/reference\/felicityfood\/#website","url":"https:\/\/dkudela.cz\/reference\/felicityfood\/","name":"Felicity Food","description":"Homemade dorty, z\u00e1kusky a zmrzliny","publisher":{"@id":"https:\/\/dkudela.cz\/reference\/felicityfood\/#organization"},"potentialAction":[{"@type":"SearchAction","target":{"@type":"EntryPoint","urlTemplate":"https:\/\/dkudela.cz\/reference\/felicityfood\/?s={search_term_string}"},"query-input":{"@type":"PropertyValueSpecification","valueRequired":true,"valueName":"search_term_string"}}],"inLanguage":"cs"},{"@type":"Organization","@id":"https:\/\/dkudela.cz\/reference\/felicityfood\/#organization","name":"Felicity Food","url":"https:\/\/dkudela.cz\/reference\/felicityfood\/","logo":{"@type":"ImageObject","inLanguage":"cs","@id":"https:\/\/dkudela.cz\/reference\/felicityfood\/#\/schema\/logo\/image\/","url":"https:\/\/dkudela.cz\/reference\/felicityfood\/wp-content\/uploads\/2024\/11\/Logo_simple_gold.png","contentUrl":"https:\/\/dkudela.cz\/reference\/felicityfood\/wp-content\/uploads\/2024\/11\/Logo_simple_gold.png","width":638,"height":384,"caption":"Felicity Food"},"image":{"@id":"https:\/\/dkudela.cz\/reference\/felicityfood\/#\/schema\/logo\/image\/"},"sameAs":["https:\/\/www.instagram.com\/felicity_food\/"]}]}},"_links":{"self":[{"href":"https:\/\/dkudela.cz\/reference\/felicityfood\/wp-json\/wp\/v2\/pages\/3011","targetHints":{"allow":["GET"]}}],"collection":[{"href":"https:\/\/dkudela.cz\/reference\/felicityfood\/wp-json\/wp\/v2\/pages"}],"about":[{"href":"https:\/\/dkudela.cz\/reference\/felicityfood\/wp-json\/wp\/v2\/types\/page"}],"author":[{"embeddable":true,"href":"https:\/\/dkudela.cz\/reference\/felicityfood\/wp-json\/wp\/v2\/users\/1"}],"replies":[{"embeddable":true,"href":"https:\/\/dkudela.cz\/reference\/felicityfood\/wp-json\/wp\/v2\/comments?post=3011"}],"version-history":[{"count":0,"href":"https:\/\/dkudela.cz\/reference\/felicityfood\/wp-json\/wp\/v2\/pages\/3011\/revisions"}],"wp:attachment":[{"href":"https:\/\/dkudela.cz\/reference\/felicityfood\/wp-json\/wp\/v2\/media?parent=3011"}],"curies":[{"name":"wp","href":"https:\/\/api.w.org\/{rel}","templated":true}]}}